ltiple of 14?
False
Does 8 divide 6597?
False
Is 10 a factor of 5375?
False
Is 6 a factor of 1410?
True
Does 2 divide 17251?
False
Is 78 a factor of 81475?
False
Is 27750 a multiple of 150?
True
Is 10 a factor of 13443?
False
Is 11 a factor of 6006?
True
Is 172 a factor of 2230?
False
Is 76 a factor of 63384?
True
Is 7890 a multiple of 30?
True
Is 1591 a multiple of 120?
False
Is 45 a factor of 10710?
True
Does 40 divide 600?
True
Does 10 divide 20108?
False
Is 16479 a multiple of 15?
False
Is 13246 a multiple of 29?
False
Does 5 divide 239?
False
Does 6 divide 6606?
True
Does 99 divide 7128?
True
Does 55 divide 4730?
True
Is 48700 a multiple of 50?
True
Is 1026 a multiple of 54?
True
Is 26 a factor of 142?
False
Is 78 a factor of 1170?
True
Is 99 a factor of 4515?
False
Is 8 a factor of 4720?
True
Is 124 a multiple of 7?
False
Does 14 divide 21497?
False
Does 14 divide 168?
True
Is 24 a factor of 144?
True
Does 8 divide 636?
False
Does 61 divide 38918?
True
Is 20519 a multiple of 234?
False
Is 51 a factor of 4182?
True
Is 10737 a multiple of 176?
False
Is 2420 a multiple of 14?
False
Does 2 divide 9205?
False
Is 58 a factor of 326?
False
Is 14 a factor of 831?
False
Is 73 a factor of 19783?
True
Is 45 a factor of 346?
False
Is 53 a factor of 3033?
False
Does 57 divide 2337?
True
Is 46 a factor of 35351?
False
Does 21 divide 525?
True
Is 19430 a multiple of 145?
True
Does 16 divide 1152?
True
Does 11 divide 1331?
True
Is 696 a multiple of 24?
True
Does 7 divide 12219?
False
Is 9 a factor of 390?
False
Does 96 divide 991?
False
Is 7935 a multiple of 23?
True
Does 2 divide 4?
True
Is 47 a factor of 447?
False
Is 89822 a multiple of 23?
False
Does 22 divide 11308?
True
Is 3422 a multiple of 58?
True
Is 28 a factor of 34197?
False
Is 2938 a multiple of 32?
False
Does 6 divide 3959?
False
Is 5 a factor of 11422?
False
Is 576 a multiple of 64?
True
Is 2831 a multiple of 10?
False
Is 8 a factor of 1656?
True
Is 123 a factor of 4529?
False
Does 31 divide 464?
False
Is 1046 a multiple of 80?
False
Does 25 divide 17200?
True
Does 18 divide 7110?
True
Is 6 a factor of 284?
False
Is 22 a factor of 55726?
True
Is 6486 a multiple of 40?
False
Is 585 a multiple of 15?
True
Does 5 divide 5025?
True
Is 20 a factor of 16840?
True
Is 966 a multiple of 69?
True
Does 180 divide 26820?
True
Is 44 a factor of 665?
False
Is 32 a factor of 41230?
False
Is 170 a multiple of 37?
False
Does 37 divide 258?
False
Does 5 divide 19587?
False
Is 122 a factor of 976?
True
Is 14 a factor of 21578?
False
Is 3450 a multiple of 50?
True
Is 2371 a multiple of 24?
False
Is 14 a factor of 8739?
False
Does 87 divide 108776?
False
Is 55 a factor of 5849?
False
Is 28896 a multiple of 112?
True
Is 18 a factor of 12996?
True
Is 2002 a multiple of 14?
True
Is 372 a multiple of 18?
False
Is 13 a factor of 1027?
True
Does 6 divide 6738?
True
Is 5 a factor of 5989?
False
Is 30 a factor of 702?
False
Is 30 a factor of 390?
True
Is 782 a multiple of 17?
True
Is 273 a multiple of 10?
False
Is 1030 a multiple of 12?
False
Is 279 a multiple of 31?
True
Is 4997 a multiple of 139?
False
Is 22 a factor of 88?
True
Is 58253 a multiple of 181?
False
Does 13 divide 1500?
False
Is 129108 a multiple of 504?
False
Is 57 a factor of 12564?
False
Is 2263 a multiple of 43?
False
Is 7301 a multiple of 49?
True
Does 12 divide 135?
False
Is 92 a factor of 62607?
False
Does 4 divide 895?
False
Does 15 divide 6495?
True
Is 46 a factor of 35396?
False
Does 112 divide 784?
True
Is 33 a factor of 41613?
True
Does 10 divide 1880?
True
Is 166 a multiple of 4?
False
Does 6 divide 54?
True
Is 9 a factor of 338?
False
Is 15516 a multiple of 7?
False
Does 2 divide 2747?
False
Is 3321 a multiple of 62?
False
Does 22 divide 550?
True
Is 44 a factor of 41360?
True
Is 19 a factor of 799?
False
Is 20 a factor of 2589?
False
Is 56668 a multiple of 13?
False
Is 246 a multiple of 2?
True
Is 944 a multiple of 118?
True
Is 20443 even?
False
Is 691 a multiple of 3?
False
Is 12 a factor of 684?
True
Is 44 a factor of 1208?
False
Is 4935 a multiple of 7?
True
Is 4290 a multiple of 130?
True
Is 1196 a multiple of 26?
True
Does 8 divide 16164?
False
Is 2 a factor of 569?
False
Is 5194 a multiple of 106?
True
Does 19 divide 21938?
False
Is 7 a factor of 1631?
True
Is 23 a factor of 1564?
True
Is 5 a factor of 380?
True
Is 8188 a multiple of 89?
True
Does 62 divide 12772?
True
Is 10 a factor of 540?
True
Is 20 a factor of 7960?
True
Is 542 a multiple of 44?
False
Is 5 a factor of 4872?
False
Is 110 a factor of 4233?
False
Is 8150 a multiple of 25?
True
Is 25 a factor of 31750?
True
Is 46 a factor of 4919?
False
Is 2 a factor of 27?
False
Does 22 divide 154?
True
Is 11741 a multiple of 129?
False
Is 13 a factor of 190?
False
Is 11 a factor of 6336?
True
Is 12 a factor of 348?
True
Is 78000 a multiple of 16?
True
Is 6 a factor of 606?
True
Does 8 divide 4759?
False
Is 10710 a multiple of 34?
True
Is 3150 a multiple of 42?
True
Does 10 divide 13440?
True
Is 910 a multiple of 70?
True
Is 560 a multiple of 20?
True
Is 132 a multiple of 6?
True
Does 9 divide 1026?
True
Is 127 a factor of 19081?
False
Is 323 a multiple of 17?
True
Is 12198 a multiple of 38?
True
Does 10 divide 15180?
True
Is 486 a multiple of 6?
True
Is 81 a factor of 62766?
False
Does 20 divide 1535?
False
Is 5184 a multiple of 36?
True
Is 42008 a multiple of 82?
False
Is 96 a factor of 7968?
True
Is 12 a factor of 1714?
False
Is 2976 a multiple of 13?
False
Does 3 divide 2811?
True
Is 10 a factor of 922?
False
Does 108 divide 540?
True
Does 36 divide 1944?
True
Is 1880 a multiple of 20?
True
Is 11532 a multiple of 62?
True
Does 6 divide 42?
True
Is 3600 a multiple of 12?
True
Is 4102 a multiple of 92?
False
Does 9 divide 3771?
True
Does 27 divide 2304?
False
Is 10438 a multiple of 34?
True
Does 8 divide 1633?
False
Is 17774 a multiple of 11?
False
Is 10279 a multiple of 105?
False
Does 98 divide 9134?
False
Is 45750 a multiple of 75?
True
Is 42 a factor of 77672?
False
Is 26 a factor of 69654?
True
Is 11 a factor of 506?
True
Is 12 a factor of 2820?
True
Is 21749 a multiple of 239?
True
Is 29 a factor of 6496?
True
Does 110 divide 28601?
False
Does 74 divide 9751?
False
Is 8 a multiple of 8?
True
Is 5400 a multiple of 45?
True
Does 14 divide 1386?
True
Is 66 a multiple of 2?
True
Does 202 divide 27479?
False
Does 93 divide 744?
True
Is 414 a multiple of 3?
True
Is 8 a factor of 1736?
True
Does 6 divide 186?
True
Is 1410 a multiple of 10?
True
Is 1512 a multiple of 72?
True
Is 21 a factor of 4042?
False
Is 1772 a multiple of 75?
False
Is 3 a factor of 1169?
False
Is 18 a multiple of 3?
True
Does 22 divide 135982?
True
Is 9138 a multiple of 23?
False
Does 267 divide 15103?
False
Is 148 a multiple of 12?
False
Does 21 divide 58?
False
Does 223 divide 73144?
True
Is 1163 a multiple of 21?
False
Is 57 a factor of 171?
True
Is 426 a multiple of 89?
False
Does 10 divide 15558?
False
Does 16 divide 800?
True
Is 24310 a multiple of 168?
False
Is 782 a multiple of 17?
True
Does 99 divide 65835?
True
Is 1076 a multiple of 62?
False
Does 11 divide 1514?
False
Is 14 a multiple of 2?
True
Is 2025 a multiple of 7?
False
Is 79 a factor of 7806?
False
Does 63 divide 1197?
True
Is 9 a factor of 1382?
False
Is 126 a factor of 6448?
False
Is 3120 a multiple of 130?
True
Is 17 a factor of 289?
True
Does 116 divide 1983?
False
Does 3 divide 225?
True
Is 885 a multiple of 4?
False
Is 4056 a multiple of 78?
True
Does 18 divide 9672?
False
Does 8 divide 1823?
False
Does 6 divide 4320?
True
Is 168 a factor of 93744?
True
Is 2184 a multiple of 52?
True
Does 83 divide 138?
False
Is 5597 a multiple of 29?
True
Is 56 a factor of 240?
False
Is 91 a factor of 819?
True
Is 43 a factor of 817?
True
Does 150 divide 10685?
False
Is 61409 a multiple of 10?
False
Is 35109 a multiple of 13?
False
Is 159 a multiple of 108?
False
Is 174 a factor of 16878?
True
Does 60 divide 119684?
False
Is 59 a factor of 9982?
False
Is 44 a factor of 5727?
False
Is 65 a factor of 321?
False
Is 42 a factor of 7014?
True
Is 2119 a multiple of 163?
True
Does 4 divide 1074?
False
Does 4 divide 2755?
False
Is 13 a factor of 78?
True
Is 842 a multiple of 14?
False
Is 248 a factor of 55967?
False
Is 6744 a multiple of 12?
True
Is 3 a 